
-b9b
-638 (base 15) to base 13
-83c
What is -2d40 (base 15) in base 8?
-23007
What is -111101001 (base 2) in base 14?
-26d
Convert 1202101 (base 3) to base 6.
5531
Convert -1010001 (base 2) to base 13.
-63
Convert -121112020 (base 3) to base 16.
-2f10
What is -44b0 (base 13) in base 2?
-10010110000111
-1101 (base 5) to base 13
-b8
What is -2220011 (base 3) in base 12?
-127a
Convert 793 (base 11) to base 7.
2524
Convert a823 (base 11) to base 9.
21552
Convert -35846 (base 11) to base 7.
-303266
Convert e5 (base 16) to base 13.
148
What is -33512 (base 11) in base 9?
-73516
What is -204601 (base 7) in base 8?
-104721
243150 (base 8) to base 2
10100011001101000
What is a2 (base 11) in base 7?
220
23750 (base 10) to base 12
118b2
Convert 10142 (base 5) to base 13.
3c9
11e2 (base 16) to base 5
121303
Convert 446 (base 16) to base 9.
1445
Convert 1986 (base 10) to base 4.
133002
-3612 (base 7) to base 13
-7b6
Convert -229 (base 13) to base 16.
-175
41e (base 15) to base 14
4a5
324344 (base 5) to base 12
65b4
3210 (base 8) to base 6
11424
Convert 344500 (base 6) to base 8.
71564
-2007 (base 9) to base 5
-21330
412 (base 12) to base 4
21032
-35235 (base 7) to base 14
-341c
Convert -10011011011 (base 2) to base 9.
-1631
Convert -4300 (base 5) to base 9.
-708
-526 (base 10) to base 12
-37a
What is 12a (base 12) in base 6?
454
-a1 (base 15) to base 6
-411
2213 (base 10) to base 3
10000222
-1531 (base 7) to base 9
-747
What is -36 (base 9) in base 2?
-100001
-14221 (base 7) to base 14
-15b8
Convert -6377 (base 8) to base 2.
-110011111111
Convert -1503 (base 9) to base 15.
-50c
Convert -44024 (base 5) to base 4.
-233012
Convert 1113332 (base 4) to base 8.
12776
-35e4 (base 15) to base 9
-16647
-3651 (base 10) to base 15
-1136
What is -1a1 (base 14) in base 5?
-2322
1013000 (base 4) to base 16
11c0
2066 (base 9) to base 5
22033
-77e5 (base 15) to base 11
-18105
Convert 133 (base 7) to base 5.
243
Convert -3171 (base 12) to base 15.
-190d
Convert -1000210 (base 3) to base 8.
-1356
Convert -25206 (base 10) to base 12.
-12706
-c465 (base 13) to base 5
-1331443
24319 (base 11) to base 2
1000100010101101
What is -111102 (base 3) in base 16?
-16a
4244 (base 15) to base 5
422024
Convert -8914 (base 14) to base 5.
-1224414
-3615 (base 8) to base 6
-12541
7a0 (base 12) to base 7
3201
What is 100c (base 14) in base 16?
ac4
What is 6277 (base 16) in base 9?
37517
3013002 (base 4) to base 16
31c2
What is 181 (base 16) in base 4?
12001
2a8 (base 14) to base 13
327
What is 385 (base 14) in base 10?
705
What is 1321210 (base 4) in base 15?
248a
-10250 (base 6) to base 4
-111312
-2287 (base 13) to base 12
-2977
What is -1738 (base 14) in base 15?
-137b
Convert 1738 (base 11) to base 4.
202223
30113 (base 5) to base 2
11101110100
What is -1978 (base 10) in base 5?
-30403
What is 500 (base 11) in base 13?
377
144 (base 6) to base 11
59
-1174 (base 8) to base 5
-10021
What is -1011101100000 (base 2) in base 8?
-13540
45340 (base 7) to base 8
26346
Convert -11205 (base 7) to base 14.
-1075
Convert 30131 (base 4) to base 5.
11142
Convert -11203 (base 11) to base 8.
-37531
What is -434 (base 8) in base 6?
-1152
What is 140132 (base 6) in base 10?
13016
-101000001111 (base 2) to base 12
-15a7
Convert -ee92 (base 15) to base 3.
-2120022202
What is 1513 (base 6) in base 12?
299
What is 2498 (base 12) in base 5?
113043
15363 (base 7) to base 6
31540
Convert -2218 (base 15) to base 3.
-100220112
Convert -50b6 (base 15) to base 12.
-9a46
-611 (base 11) to base 2
-1011100010
Convert -12201 (base 5) to base 4.
-32132
What is -71f (base 16) in base 14?
-943
140c (base 15) to base 3
12212210
-450c (base 15) to base 16
-392d
-131 (base 13) to base 4
-3101
What is -29595 (base 10) in base 12?
-15163
What is 14c (base 13) in base 8?
351
What is -4320 (base 5) in base 8?
-1111
Convert -1162 (base 13) to base 14.
-c6a
-3131 (base 5) to base 7
-1133
-13315 (base 7) to base 15
-10e4
-4158 (base 13) to base 7
-35220
Convert -710 (base 10) to base 9.
-868
20315 (base 6) to base 11
2045
-97d (base 14) to base 5
-30000
What is -332013 (base 5) in base 2?
-10110011110100
-b3b2 (base 12) to base 16
-4c76
-77c1 (base 13) to base 7
-66513
Convert 20522 (base 7) to base 2.
1001111000111
1900 (base 10) to base 4
131230
What is 1201 (base 4) in base 8?
141
What is 22103 (base 5) in base 12?
a74
What is -661 (base 9) in base 4?
-20131
What is 10231031 (base 4) in base 3?
222102222
What is 36465 (base 8) in base 4?
3310311
What is 332 (base 11) in base 13?
248
Convert 534 (base 6) to base 3.
21111
364 (base 11) to base 6
2001
9683 (base 13) to base 10
20894
Convert -130202 (base 4) to base 8.
-3442
703 (base 10) to base 14
383
Convert 230c (base 13) to base 15.
16c8
What is 26a (base 14) in base 10?
486
Convert 3a3 (base 16) to base 5.
12211
2131122 (base 5) to base 10
36412
Convert 11111111 (base 3) to base 7.
12364
-3515 (base 7) to base 13
-77c
Convert 258 (base 14) to base 12.
332
Convert -220020 (base 3) to base 6.
-3010
What is bba (base 16) in base 4?
232322
-5770 (base 9) to base 6
-31443
Convert 10111100011 (base 2) to base 11.
1150
Convert -128 (base 14) to base 16.
-e8
692a (base 11) to base 4
2032103
What is -22000 (base 3) in base 15?
-e6
-b0a2 (base 12) to base 6
-224322
What is -111011111 (base 2) in base 8?
-737
What is 20771 (base 8) in base 12?
5049
What is c9 (base 15) in base 13?
117
24222 (base 11) to base 12
18220
3076 (base 8) to base 15
718
What is 32230 (base 4) in base 6?
4204
What is 1c2 (base 13) in base 5?
2302
122021110 (base 3) to base 11
950a
Convert -6 (base 16) to base 11.
-6
-8c9 (base 15) to base 3
-2201200
Convert -1030 (base 11) to base 9.
-1775
-20a6 (base 11) to base 10
-2778
Convert -b9 (base 14) to base 9.
-201
What is -6948 (base 11) in base 4?
-2032213
-263506 (base 7) to base 11
-34049
Convert -139a (base 16) to base 13.
-2390
-11220011 (base 3) to base 6
-24304
What is -1140232 (base 6) in base 8?
-164474
What is 11000100011 (base 2) in base 7?
4403
Convert -35021 (base 6) to base 10.
-4981
Convert 6320 (base 10) to base 16.
18b0
What is 244130 (base 6) in base 12?
10646
Convert -11688 (base 10) to base 16.
-2da8
Convert -1102302 (base 4) to base 11.
-3a87
Convert -a71 (base 13) to base 14.
-914
Convert 44550 (base 6) to base 16.
1872
310133 (base 4) to base 9
4542
130114 (base 5) to base 14
1b98
What is 2699 (base 13) in base 10?
5534
Convert -b2 (base 13) to base 6.
-401
What is 3091 (base 10) in base 3?
11020111
Convert -1fc2 (base 16) to base 13.
-3915
10012230 (base 4) to base 12
9890
What is -2313340 (base 5) in base 3?
-2010020012
-11212 (base 3) to base 7
-245
-12330233 (base 4) to base 2
-110111100101111
What is 23312 (base 6) in base 15?
edb
d1 (base 16) to base 10
209
Convert -12107 (base 9) to base 6.
-101311
What is -212 (base 14) in base 15?
-1c3
2655 (base 14) to base 13
30b5
What is -21e7 (base 15) in base 9?
-10771
What is -13967 (base 11) in base 6?
-231352
What is 6587 (base 10) in base 16?
19bb
1001 (base 12) to base 3
2101001
What is -67931 (base 10) in base 16?
-1095b
10374 (base 12) to base 11
14a74
Convert -5876 (base 10) to base 12.
-3498
-68a1 (base 16) to base 4
-12202201
147a (base 14) to base 3
11222200
What is -11132011 (base 4) in base 6?
-251421
Convert 2421 (base 5) to base 3.
111101
What is 13 (base 10) in base 12?
11
-348 (base 16) to base 14
-440
-1318 (base 11) to base 12
-ba9
What is 462 (base 16) in base 12?
796
Convert -6566 (base 8) to base 3.
-11201122
What is -100000110000 (base 2) in base 13?
-c53
What is dd1 (base 14) in base 4?
222223
What is -12230 (base 4) in base 6?
-1552
What is -1110101010111001 (base 2) in base 8?
-165271
What is 5352 (base 9) in base 7?
14321
What is 4523 (base 9) in base 4?
310032
-89 (base 13) to base 16
-71
b0c2 (base 13) to base 11
17304
Convert -1012221112 (base 3) to base 2.
-101110111010001
What is 4e14 (base 16) in base 3?
1000102022
What is -21274 (base 9) in base 6?
-145104
-2100 (base 11) to base 12
-173b
Convert 155 (base 11) to base 5.
1211
What is 1205 (base 12) in base 5?
31041
Convert 220 (base 6) to base 8.
124
Convert 45026 (base 11) to base 10.
65247
What is -1c905 (base 13) in base 16?
-dc83
Convert -2340 (base 5) to base 3.
-110210
Convert -10111101000 (base 2) to bas